{"version":"1.0","provider_name":"communia","provider_url":"https:\/\/communia.de\/en\/","title":"Save the date: Vergesellschaftungs-konferenz - communia","type":"rich","width":600,"height":338,"html":"<blockquote class=\"wp-embedded-content\" data-secret=\"T1r6z5p7G7\"><a href=\"https:\/\/communia.de\/en\/save-the-date-vergesellschaftungskonferenz\/\">Save the date: Vergesellschaftungs-konferenz<\/a><\/blockquote><iframe sandbox=\"allow-scripts\" security=\"restricted\" src=\"https:\/\/communia.de\/en\/save-the-date-vergesellschaftungskonferenz\/embed\/#?secret=T1r6z5p7G7\" width=\"600\" height=\"338\" title=\"&#8220;Save the date: Vergesellschaftungs-konferenz&#8221; &#8212; communia\" data-secret=\"T1r6z5p7G7\" frameborder=\"0\" marginwidth=\"0\" marginheight=\"0\" scrolling=\"no\" class=\"wp-embedded-content\"><\/iframe><script type=\"text\/javascript\">\n\/* <![CDATA[ *\/\n\/*! This file is auto-generated *\/\n!function(d,l){\"use strict\";l.querySelector&&d.addEventListener&&\"undefined\"!=typeof URL&&(d.wp=d.wp||{},d.wp.receiveEmbedMessage||(d.wp.receiveEmbedMessage=function(e){var t=e.data;if((t||t.secret||t.message||t.value)&&!\/[^a-zA-Z0-9]\/.test(t.secret)){for(var s,r,n,a=l.querySelectorAll('iframe[data-secret=\"'+t.secret+'\"]'),o=l.querySelectorAll('blockquote[data-secret=\"'+t.secret+'\"]'),c=new RegExp(\"^https?:$\",\"i\"),i=0;i<o.length;i++)o[i].style.display=\"none\";for(i=0;i<a.length;i++)s=a[i],e.source===s.contentWindow&&(s.removeAttribute(\"style\"),\"height\"===t.message?(1e3<(r=parseInt(t.value,10))?r=1e3:~~r<200&&(r=200),s.height=r):\"link\"===t.message&&(r=new URL(s.getAttribute(\"src\")),n=new URL(t.value),c.test(n.protocol))&&n.host===r.host&&l.activeElement===s&&(d.top.location.href=t.value))}},d.addEventListener(\"message\",d.wp.receiveEmbedMessage,!1),l.addEventListener(\"DOMContentLoaded\",function(){for(var e,t,s=l.querySelectorAll(\"iframe.wp-embedded-content\"),r=0;r<s.length;r++)(t=(e=s[r]).getAttribute(\"data-secret\"))||(t=Math.random().toString(36).substring(2,12),e.src+=\"#?secret=\"+t,e.setAttribute(\"data-secret\",t)),e.contentWindow.postMessage({message:\"ready\",secret:t},\"*\")},!1)))}(window,document);\n\/\/# sourceURL=https:\/\/communia.de\/wp-includes\/js\/wp-embed.min.js\n\/* ]]> *\/\n<\/script>\n","thumbnail_url":"https:\/\/communia.de\/wp-content\/uploads\/2023\/10\/communia-blog-featured-images-V1_25-768x432.jpg","thumbnail_width":600,"thumbnail_height":338,"description":"Vom 7.-9. Oktober 2022 veranstaltet communia &#8211; Zentrum demokratische Wirtschaft gemeinsam mit starken Partnern eine Vergesellschaftungskonferenz in Berlin. Viele Infos gibt es bereits auf der neuen Konferenzwebseite. N\u00e4here Informationen zum Programm und zur Anmeldung folgen in K\u00fcrze! www.vergesellschaftungskonferenz.de Infos gibt es au\u00dferdem ab sofort auf Twitter. Ob Klimakatastrophe oder globale Ungerechtigkeit, ob Mietenwahnsinn oder Pflegenotstand: [&hellip;]"}

Vom 7.-9. Oktober 2022 veranstaltet communia &#8211; Zentrum demokratische Wirtschaft gemeinsam mit starken Partnern eine Vergesellschaftungskonferenz in Berlin. Viele Infos gibt es bereits auf der neuen Konferenzwebseite. Nähere Informationen zum Programm und zur Anmeldung folgen in Kürze! www.vergesellschaftungskonferenz.de Infos gibt es außerdem ab sofort auf Twitter. Ob Klimakatastrophe oder globale Ungerechtigkeit, ob Mietenwahnsinn oder Pflegenotstand: [&hellip;]
