{"version":"1.0","provider_name":"communia","provider_url":"https:\/\/communia.de\/en\/","title":"Vergesellschaftungskonferenz in den Medien - communia","type":"rich","width":600,"height":338,"html":"<blockquote class=\"wp-embedded-content\" data-secret=\"PfQymFN339\"><a href=\"https:\/\/communia.de\/en\/vergesellschaftungskonferenz-in-den-medien\/\">Vergesellschaftungskonferenz in den Medien<\/a><\/blockquote><iframe sandbox=\"allow-scripts\" security=\"restricted\" src=\"https:\/\/communia.de\/en\/vergesellschaftungskonferenz-in-den-medien\/embed\/#?secret=PfQymFN339\" width=\"600\" height=\"338\" title=\"&#8220;Vergesellschaftungskonferenz in den Medien&#8221; &#8212; communia\" data-secret=\"PfQymFN339\" frameborder=\"0\" marginwidth=\"0\" marginheight=\"0\" scrolling=\"no\" class=\"wp-embedded-content\"><\/iframe><script type=\"text\/javascript\">\n\/* <![CDATA[ *\/\n\/*! This file is auto-generated *\/\n!function(d,l){\"use strict\";l.querySelector&&d.addEventListener&&\"undefined\"!=typeof URL&&(d.wp=d.wp||{},d.wp.receiveEmbedMessage||(d.wp.receiveEmbedMessage=function(e){var t=e.data;if((t||t.secret||t.message||t.value)&&!\/[^a-zA-Z0-9]\/.test(t.secret)){for(var s,r,n,a=l.querySelectorAll('iframe[data-secret=\"'+t.secret+'\"]'),o=l.querySelectorAll('blockquote[data-secret=\"'+t.secret+'\"]'),c=new RegExp(\"^https?:$\",\"i\"),i=0;i<o.length;i++)o[i].style.display=\"none\";for(i=0;i<a.length;i++)s=a[i],e.source===s.contentWindow&&(s.removeAttribute(\"style\"),\"height\"===t.message?(1e3<(r=parseInt(t.value,10))?r=1e3:~~r<200&&(r=200),s.height=r):\"link\"===t.message&&(r=new URL(s.getAttribute(\"src\")),n=new URL(t.value),c.test(n.protocol))&&n.host===r.host&&l.activeElement===s&&(d.top.location.href=t.value))}},d.addEventListener(\"message\",d.wp.receiveEmbedMessage,!1),l.addEventListener(\"DOMContentLoaded\",function(){for(var e,t,s=l.querySelectorAll(\"iframe.wp-embedded-content\"),r=0;r<s.length;r++)(t=(e=s[r]).getAttribute(\"data-secret\"))||(t=Math.random().toString(36).substring(2,12),e.src+=\"#?secret=\"+t,e.setAttribute(\"data-secret\",t)),e.contentWindow.postMessage({message:\"ready\",secret:t},\"*\")},!1)))}(window,document);\n\/\/# sourceURL=https:\/\/communia.de\/wp-includes\/js\/wp-embed.min.js\n\/* ]]> *\/\n<\/script>\n","thumbnail_url":"https:\/\/communia.de\/wp-content\/uploads\/2023\/10\/communia-blog-featured-images-V1_17-768x432.jpg","thumbnail_width":600,"thumbnail_height":338,"description":"Die Vergesellschaftungskonferenz, die communia mit Partnern vom 7.-9. Oktober in Berlin veranstaltet hat, hat ein sehr positives Echo in den Medien gefunden. Anhand einiger besonders interessanter Beitr\u00e4ge laden wir zum Zur\u00fcckerinnern oder Nachlesen ein. Die Idee der Vergesellschaftung ist in der politischen Linken zur\u00fcck. Davon zeugt, dass sich am Wochenende laut Ver\u00adan\u00adstal\u00adte\u00adr:in\u00adnen 1.000 junge und [&hellip;]"}

Die Vergesellschaftungskonferenz, die communia mit Partnern vom 7.-9. Oktober in Berlin veranstaltet hat, hat ein sehr positives Echo in den Medien gefunden. Anhand einiger besonders interessanter Beiträge laden wir zum Zurückerinnern oder Nachlesen ein. Die Idee der Vergesellschaftung ist in der politischen Linken zurück. Davon zeugt, dass sich am Wochenende laut Ver­an­stal­te­r:in­nen 1.000 junge und [&hellip;]
